 5*h(x) - u(x). Determine l(k).
-6
Suppose 4*b + 5*g = -16, 4*b - g + 0 - 8 = 0. Let r(z) = 3*z**2 - 2*z**2 - 3 + b. Give r(-2).
2
Let p = 3 - 1. Let x(o) = -2*o**p - 5 + o**2 + 4*o + 2*o**2. Let f = 22 + -27. What is x(f)?
0
Let r(p) = -p + 6. Suppose 0 = k - 15 + 11. Give r(k).
2
Let d(y) be the third derivative of -y**7/360 + y**5/120 + 5*y**4/24 - y**2. Let u(h) be the second derivative of d(h). Suppose 1 - 3 = 2*x. Calculate u(x).
-6
Let j(i) = -i**3 - 9*i**2 - 2*i - 2. Let c(z) = 2*z**3 + 10*z**2 + 3*z + 3. Let o(w) = -2*c(w) - 3*j(w). What is o(7)?
0
Let k(j) = -j - 4. Let c(u) = 2*u + 8. Let y(f) = 2*c(f) + 5*k(f). What is y(-2)?
-2
Let j(i) = -2*i**3 - 2*i**2 + 6*i - 2. Let k be (-112)/48 + 2/(-3). Let q(t) = -3*t**3 - 4*t**2 + 11*t - 4. Let w(p) = k*q(p) + 5*j(p). Calculate w(2).
-4
Suppose -s - 8 = s, 0 = a + s - 1. Let p be -8 + a + 3/(-1). Let h(z) = -z**3 - 7*z**2 - 4*z + 7. Calculate h(p).
-5
Let y(w) be the first derivative of w**3 - 3*w**2/2 + w - 1. What is y(2)?
7
Let l(f) = 3*f**2 - f - 4. Let i(s) = s**2 + 5*s + 3. Let h be i(-5). Calculate l(h).
20
Let g(j) = j**2 + j. Let r(l) = -l**2 - 1. Let a(f) = 2*g(f) + r(f). Give a(-3).
2
Let a be (-1)/2 + 2/4. Let q(r) = 3*r**2 - r**2 - 3*r**2 - 9 + 2. Determine q(a).
-7
Let u(m) = -3*m - 3. Suppose 6 = -5*l - 4. Let h = -3 + l. Determine u(h).
12
Let n(q) be the first derivative of q**2/2 + 14. Calculate n(5).
5
Let m(a) be the third derivative of 3*a**6/40 - a**4/24 - a**3/6 + a**2. Let o(d) = d**3 + 7*d**2 + 3*d - 19. Let l be o(-6). Determine m(l).
-9
Let v(c) = c + 3. Let d be v(-4). Let s(z) = -3*z + 4*z + 0*z - 3*z. Calculate s(d).
2
Let m(b) be the second derivative of -b**6/720 - b**5/40 + b**4/4 + 4*b. Let x(z) be the third derivative of m(z). What is x(3)?
-6
Let h(p) be the third derivative of p**4/12 + p**2. Determine h(-1).
-2
Let w(v) = -v**2 + v + 1. Suppose -2*y + 3 + 3 = 4*t, 4*y + 9 = -t. Suppose 0 = 5*l + t*n - n + 2, 4*l - 4 = 4*n. Calculate w(l).
1
Suppose 0 = 2*s - 0*s - 3*h - 3, -3 = 3*h. Let k(l) be the first derivative of s*l**2 - 1/4*l**4 - 2 - 2/3*l**3 + l. Give k(-1).
0
Let t(u) = 3 - 2 - u - 4*u**2 + 2 + u**3 + 1. Calculate t(3).
-8
Let g(l) be the second derivative of l**4/12 + 7*l**3/6 + 7*l**2/2 + 4*l. Determine g(-7).
7
Let h(v) = 0*v**3 - 5*v + 3*v + 1 + v**3. Let m = 0 + 1. Calculate h(m).
0
Let f(j) be the third derivative of j**4/24 + j**3/6 + 4*j**2 + 6. Determine f(9).
10
Let u(r) be the third derivative of -r**6/120 + r**5/20 - r**4/24 - 9*r**2. Calculate u(3).
-3
Let o(r) = -1. Let n(j) = j + 7. Let v(f) = -n(f) - 5*o(f). Calculate v(2).
-4
Let j(v) = -v**3 + 5*v**2 - v - 5. Suppose -3*o = -26 + 14. Calculate j(o).
7
Suppose 9 = -3*b + 3*g, 3*b - g = b - 1. Let v(f) = -2*f**3 + 2*f**2 + 1. Calculate v(b).
-7
Let a(h) be the second derivative of -h**3/6 - 3*h**2/2 - h. Let j be -2 + 0 + 2 - -3. Suppose x - 10 = j*x. Determine a(x).
2
Let q(j) = -6*j**2 + 3*j + 1. Let b(n) = -n**2 - 7*n - 9. Let g be b(-6). Let v(o) = -o**2 + o. Let i(z) = g*v(z) + q(z). What is i(-1)?
-2
Let i(w) be the second derivative of w**5/20 - w**4/2 - w**3/6 + 5*w**2/2 - 6*w. Determine i(6).
-1
Suppose 0 = -5*g + g, 2*o = g + 4. Let m(v) = v**3 - v**2 + 1. What is m(o)?
5
Let a be 1*(2 + -3)/1. Let s(v) = 9*v**2 + v + 1. What is s(a)?
9
Let b(s) = s**3 + 0*s**3 - s**2 + 8*s - 1 - 6*s. What is b(1)?
1
Suppose 4*t - 4 = -4*q, 2*t + 14 = 3*q + 1. Let l = 0 + q. Let z(d) = -d**2 + 5*d. Determine z(l).
6
Let c(z) = -z**3 - 5*z**2 + 5*z + 4. Suppose -13*p + 24 = -12*p. Suppose 2*q + 12 = -2*o, q + 4*o - p = 5*q. Give c(q).
10
Let x(w) = -12*w + 15*w + w**2 - 3 + w**2. Give x(2).
11
Let d(c) = c**2 - 5*c + 5. Let p be d(5). Suppose -5*b + p = -0*b. Let y(q) be the second derivative of q**4/12 + q**3/6 + 2*q. What is y(b)?
2
Suppose 14*t + 3*t = 0. Let y(p) be the second derivative of -1/2*p**2 + 5/6*p**3 + t + 4*p. What is y(1)?
4
Suppose 5*z + 4*y + 19 = -0*z, -3*y = 5*z + 18. Let w(m) = -m**3 - 3*m**2 - m - 3. Let o be w(z). Let s(n) = 78 + 0*n - n - 81. Give s(o).
-3
Let o(i) = 3*i + 3 - 5*i + 3*i + 1. Let a be o(0). Let y(p) = -p - p**3 + 2*p**3 + 0*p**3 + a*p**2. Calculate y(-4).
4
Let r(f) be the third derivative of 2*f**2 - 5/6*f**3 + 0 + 0*f + 1/24*f**4. Give r(0).
-5
Let y = -3 + 5. Suppose l + y*l = 0. Let r(m) = l*m**2 + m**2 - 4 - 4*m + 0*m**2. Calculate r(4).
-4
Let l(n) = -11*n + 7. Let c(i) = -2*i. Let a(d) = 5*c(d) - l(d). What is a(6)?
-1
Let m(f) = f**2 - 2*f - 1. Suppose -4*i + 4 = -3*p - 9, -2*i + 9 = p. What is m(i)?
7
Let u(h) = 15*h + 17. Let f be ((-12)/20)/((-2)/20). Let p(x) = 8*x + 9. Let i(l) = f*u(l) - 11*p(l). Give i(-5).
-7
Let v(d) = -2*d + 6. Let a(n) = n + 11. Let h be a(-8). Suppose 1 = 2*c - h*c. Let m be 1 - c - (-5 - -2). What is v(m)?
-4
Let y(c) = -5*c + 2*c + 2*c. Let w(x) = -5*x + 7. Let l be w(2). Calculate y(l).
3
Let q(h) = 2*h + 4. Let a(j) = j**3 - j**2 - 4*j + 4. Let u(x) = 2*x**3 - 2*x**2 - 9*x + 9. Let l(g) = -7*a(g) + 3*u(g). Let n be l(2). What is q(n)?
-2
Let g(l) be the first derivative of -l**2/2 - 4*l + 2. Suppose -5 + 17 = 3*h. Suppose t + h = -0. Give g(t).
0
Let d(x) = -2 + 3*x - 1 - x**2 - 3. Let j be (-4 + -1)/(-1) - 1. Suppose 4*v + 8 = m, -j*m - m = -5*v - 25. What is d(m)?
-10
Suppose -m = 2*d + 4*m + 2, 0 = -5*d + m - 59. Let g = 3 - d. Let a = g - 20. Let r(t) = -t**2 - 5*t + 5. Give r(a).
-1
Let d(j) = j**2 + 5*j - 3. Let b(o) = -o**2 - 5*o + 2. Let m = -7 + 4. Let q(p) = m*d(p) - 4*b(p). Let r be 10*2*1/(-4). Calculate q(r).
1
Let w be (4/(-6))/(1/(-3)). Let k(f) = -w + 5 + 3 - f. Suppose 0*r = r. Determine k(r).
6
Let y(x) = -x**3 + 4*x**2 - 2*x - 2. Let b = 20 + -14. Let w be 2 + -9 + b/2. Let c = w + 7. Give y(c).
1
Let i(y) be the second derivative of y**4/12 + y**3 + y**2 + y. Determine i(-5).
-3
Let r(f) be the third derivative of f**6/120 + f**5/15 - f**4/24 - f**3/2 + 2*f**2. Calculate r(-4).
1
Suppose -2*t - 2*v - 2 = -0, 0 = 3*t + v - 7. Let o(p) = 9*p**3 + t*p**2 + 0*p**3 + 2 - 10*p**3. Calculate o(4).
2
Suppose 2*h + 3*h - 10 = 0. Let j(k) = -2*k**h - 1 + 8 - k + 3*k**2. Determine j(0).
7
Let j(b) = -10*b - 1. Let y(p) = 3*p. Let r(g) = -2*j(g) - 7*y(g). Give r(-4).
6
Let y = -6 - -10. Let i(x) = -3*x + 6. Determine i(y).
-6
Let p(n) be the second derivative of n**4/4 - n**3/6 + n. Suppose -1 - 5 = -4*o - 2*s, 2*o = 3*s + 7. Calculate p(o).
10
Let u(w) = -w + 11. Let z be u(5). Let q = z - 4. Let r(v) be the third derivative of v**6/60 - v**5/30 - v**3/6 + 18*v**2. Calculate r(q).
7
Let m(n) = -2*n + 2. Let x = -3 - -37. Let p be x/10 - (-10)/(-25). Give m(p).
-4
Let j(s) = s**3 - s - 6. Suppose 0 = 2*x - 2 - 2. Suppose 0 = -2*o - x*o. Calculate j(o).
-6
Let y(a) = a + 1 - 2*a**2 + 2*a + 2*a**3 - 3*a**3. Let w = -11 - -6. Let u = -7 - w. Calculate y(u).
-5
Let p(d) = -3*d**3 + 8*d**2 - 7*d. Let l(q) = -7*q**3 + 17*q**2 - 15*q + 1. Let n(m) = 4*l(m) - 9*p(m). Calculate n(-5).
14
Let a(k) be the second derivative of -k**6/360 - k**5/24 + 5*k**4/24 + k**3/6 - 4*k. Let b(p) be the second derivative of a(p). Give b(-6).
-1
Let s(a) = 5*a**2 - 3*a + 3. Let z(h) = -2*h**2 + h - 1. Let m(u) = 3*s(u) + 8*z(u). Determine m(-3).
-5
Let i(t) = t**2 + 4*t + 2. Let l be i(-3). Let z(m) = -9*m**2 + 3*m + 3. Let y(b) = 10*b**2 - 4*b - 4. Let x(d) = 4*y(d) + 5*z(d). What is x(l)?
-5
Let k(j) be the second derivative of j**4/12 - 7*j**3/6 + 5*j**2/2 + 21*j. Let n = 9 + -3. Suppose 2*w + 2*g - 6 = 0, -w = -n*w + 3*g + 31. What is k(w)?
-5
Let a(l) = 5*l**3 + 12*l**2 + 5*l + 10. Let y(i) = -4*i**3 - 11*i**2 - 6*i - 10. Let c(p) = 3*a(p) + 4*y(p). Determine c(-7).
4
Let b(q) = 5*q - 3. Let g(x) = -9*x + 6. Let p(c) = 11*b(c) + 6*g(c). Let i be p(3). Let z be (-3)/(-6)*i - -2. Let r(f) = f**2 - 7*f + 1. What is r(z)?
-9
Let f(x) be the second derivative of x**5/20 + 2*x**4/3 + 7*x**3/6 + 5*x**2/2 + 5*x. What is f(-7)?
5
Let d(b) = b**2 + 6*b + 4. Suppose -6*n + n - 23 = f, 2*n + 3*f = -4. Let l be d(n). Let x(w) = -9*w - 1. Determine x(l).
8
Let r(h) = -h**2 + 1. Let a = 22 + -28. Let z(l) be the second derivative of l**4/12 + l**3 - l**2 - l. Let x be z(a). Give r(x).
-3
Let r(i) = -i**3 - 4*i**2 + 5*i + 2. Suppose 3*l = -5*x - 40, 4*l - l + 25 = -2*x. Calculate r(l).
2
Suppose -3*z = 5*q + 6, 2*z - 6*z = -3*